6247 + 68?
-26168
In base 9, what is 1 - 2431226?
-2431225
In base 10, what is -70 - -1527?
1457
In base 3, what is 110010 + -10122?
22111
In base 12, what is 1042 + -29?
1015
In base 10, what is -41092 - 151?
-41243
In base 13, what is -4 + 16244?
16240
In base 5, what is 244 - 12032?
-11233
In base 10, what is -20 + 55702?
55682
In base 8, what is 11 - 61615?
-61604
In base 16, what is -676 - -502?
-174
In base 9, what is 4 + -3362104?
-3362100
In base 3, what is 11 + -2100200200?
-2100200112
In base 9, what is -8 - 4121?
-4130
In base 16, what is -5 - 4495?
-449a
In base 15, what is 426 + -17?
40e
In base 16, what is 2d147 - 5?
2d142
In base 2, what is -100111 + 10011111?
1111000
In base 10, what is -248 + 18?
-230
In base 4, what is -210 - 3?
-213
In base 8, what is -735 - 16?
-753
In base 8, what is -10 - -4052?
4042
In base 7, what is -60510 - 11?
-60521
In base 10, what is 5 - -12128?
12133
In base 14, what is 1 - 11a713?
-11a712
In base 14, what is -9c + 57?
-45
In base 9, what is -4782 - 134?
-5026
In base 5, what is -2201010 - -2?
-2201003
In base 11, what is 17655 + 11?
17666
In base 15, what is 12490 - -5?
12495
In base 8, what is -3323411 - -4?
-3323405
In base 11, what is 4363 - -14?
4377
In base 8, what is 6753 + 0?
6753
In base 9, what is 20470 + 510?
21080
In base 9, what is -4 - -565112?
565107
In base 13, what is 277c4 + 17?
2780b
In base 5, what is 30144 - -2?
30201
In base 7, what is 111 - -32042?
32153
In base 5, what is 321 + 1412?
2233
In base 12, what is 2 + 6a1ba5?
6a1ba7
In base 16, what is -3cd31 - 3?
-3cd34
In base 6, what is -1100121 - 25?
-1100150
In base 10, what is -3684 - 1537?
-5221
In base 4, what is -20 + 1213210?
1213130
In base 11, what is -a1689 + 5?
-a1684
In base 6, what is -2133 + 23?
-2110
In base 13, what is a + b248?
b255
In base 15, what is 248 + -4a?
1ed
In base 16, what is 2 - -40c?
40e
In base 11, what is 5 + -9083?
-9079
In base 16, what is -5 - -7f3b?
7f36
In base 2, what is 111110101011011 - 101?
111110101010110
In base 10, what is 1 - 3500?
-3499
In base 13, what is 17 - 1b93?
-1b79
In base 4, what is 1130 - 1002222?
-1001032
In base 15, what is 433c1 - 3?
433bd
In base 14, what is c5 - -2d?
114
In base 4, what is 122320121 + -3?
122320112
In base 12, what is -6 + 13b6?
13b0
In base 12, what is 15517 - -9a?
155b5
In base 2, what is 101110101110111001 + 100010?
101110101111011011
In base 13, what is 13b5 + 31?
1416
In base 13, what is -a90 + 5?
-a88
In base 11, what is -a9424 + 2?
-a9422
In base 11, what is 2 + 10293?
10295
In base 8, what is 14 - 10003?
-7767
In base 12, what is 44307 - -1?
44308
In base 11, what is 5 - 11379?
-11374
In base 14, what is 97 + -768?
-6b1
In base 3, what is 12 - -100202?
100221
In base 16, what is 89b - -1?
89c
In base 6, what is 224 + -132340?
-132112
In base 8, what is -7 - -21612?
21603
In base 10, what is -6 + -27506?
-27512
In base 14, what is -5 - -2db9?
2db4
In base 5, what is -4443 - -2442?
-2001
In base 12, what is -4 - 36b7?
-36bb
In base 5, what is -2112330 - 4?
-2112334
In base 16, what is 8 - 9d9?
-9d1
In base 7, what is 144513 - 5?
144505
In base 11, what is 18 - 78968?
-78950
In base 13, what is -1 - -196b40?
196b3c
In base 7, what is 3 + 640421?
640424
In base 11, what is -24a2 - 70?
-2562
In base 7, what is 3436 - -4040?
10506
In base 16, what is 1557 + 17?
156e
In base 8, what is 3 + -1631754?
-1631751
In base 9, what is -138 - 2441?
-2580
In base 5, what is 0 - -2031043?
2031043
In base 10, what is 74739 + 3?
74742
In base 3, what is -12 + -222122010211?
-222122011000
In base 10, what is -229 - -1819?
1590
In base 2, what is 10011111 - -10110?
10110101
In base 13, what is -5370 - 1?
-5371
In base 5, what is 30324 + 40?
30414
In base 9, what is 13 - -33564?
33577
In base 11, what is 39aa3 - -aa?
3a0a2
In base 3, what is 12100 - 100220?
-11120
In base 13, what is 11a4358 - -4?
11a435c
In base 14, what is 4 + -18c14?
-18c10
In base 11, what is -218533 - -5?
-218529
In base 5, what is 0 + 44214431?
44214431
In base 15, what is -1 + 8370?
836e
In base 2, what is 110 - -10001110000111?
10001110001101
In base 6, what is 1 - 12325403?
-12325402
In base 8, what is -6604 + 0?
-6604
In base 6, what is -342514001 + 1?
-342514000
In base 13, what is 2520 + -104?
2419
In base 6, what is -4 - -340122?
340114
In base 7, what is -245 + -35166?
-35444
In base 9, what is 0 - 13551?
-13551
In base 6, what is 12344240 + -5?
12344231
In base 3, what is -1211 + 101110?
22122
In base 6, what is 142442 + 21?
142503
In base 3, what is 12 + 1001120002?
1001120021
In base 6, what is -2015003 + 3?
-2015000
In base 14, what is 139d0 + -5?
139c9
In base 13, what is 4 + 1422?
1426
In base 9, what is 68 + 2588?
2667
In base 12, what is -4 - 599b8?
-59a00
In base 7, what is -226641 + 45?
-226563
In base 10, what is 51787 + -1?
51786
In base 8, what is 4 + 41600?
41604
In base 16, what is -5 - 37feb?
-37ff0
In base 6, what is -552 - -355424?
354432
In base 10, what is -2195 - -26?
-2169
In base 8, what is -7605705 + 4?
-7605701
In base 7, what is -5 + -230366?
-230404
In base 13, what is -a5 - -568?
493
In base 3, what is 10212 + -11101?
-112
In base 5, what is -3432133 + -40?
-3432223
In base 3, what is -10120 - -122010202?
122000012
In base 2, what is -11010010110 - 101010?
-11011000000
In base 14, what is 14 + a9ac?
a9c2
In base 8, what is -77 + -15042?
-15141
In base 12, what is 96 - -488?
562
In base 4, what is 110 - 11231?
-11121
In base 8, what is -4355 - 75?
-4452
In base 3, what is -12 - -1120220211?
1120220122
In base 4, what is -10 - -32200033?
32200023
In base 13, what is -62 - 2364?
-23c6
In base 8, what is -160605 - -12?
-160573
In base 6, what is 505114 + 5?
505123
In base 12, what is -1a48 - 6?
-1a52
In base 12, what is 72702 + -4?
726ba
In base 12, what is 16 - 225a?
-2244
In base 3, what is 1022222120 - -101?
1022222221
In base 6, what is -1213420 - 5?
-1213425
In base 13, what is 2 - -c308?
c30a
In base 2, what is 101 + -100111110111011?
-100111110110110
In base 2, what is 1100011000101 - 1?
1100011000100
In base 2, what is 1010010000100001010 - 1?
1010010000100001001
In base 15, what is -20817 + -1c?
-20834
In base 12, what is 3 - 4b1?
-4aa
In base 9, what is 1 + 424643?
424644
In base 7, what is 54 - 1111?
-1024
In base 5, what is -100404131 - -20?
-100404111
In base 8, what is -20 - 23057?
-23077
In base 16, what is -ff + -47?
-146
In base 2, what is 11100111011 + 10101011?
11111100110
In base 8, what is 1140 - -236?
1376
In base 6, what is 525043 + -2?
525041
In base 13, what is -b0 + -837?
-917
In base 3, what is 1012110 + 12020200?
20110010
In base 16, what is 3 + -c47c?
-c479
In base 12, what is -25 - 922?
-947
In base 7, what is -1 + 5045310?
5045306
In base 2, what is 1010101 - -11110010110000?
11110100000101
In base 13, what is 9c6 - -46?
a3c
In base 12, what is 1 - 562a3?
-562a2
In base 4, what is -3003111 - 111?
-3003222
In base 15, what is 6661 - 1?
6660
In base 8, what is 1210 - 177?
1011
In base 8, what is -25744 + -6?
-25752
In base 8, what is -367373 - -3?
-367370
In base 5, what is 1 - 423001?
-423000
In base 12, what is 21 - 12a32?
-12a11
In base 5, what is -24342104 - 2?
-24342111
In base 5, what is 141011101 - 0?
141011101
In base 8, what is 1703 - 122?
1561
In base 9, what is 25 - 6812?
-6776
In base 11, what is 19 + -2616?
-25a8
In base 7, what is 15 - -2166?
2214
In base 12, what is -45 + -3ba?
-443
In base 11, what is -13 - -1073?
1060
In base 12, what is -3 - 79734?
-79737
In base 16, what is 982 - 46?
93c
In base 3, what is 111020122 - 1201?
111011221
In base 2, what is 1111010001000 - 1100?
1111001111100
In base 5, what is 1143110 - 401?
1142204
In base 16, what is 4f - -95?
e4
In base 16, what is 32f + -236?
f9
In base 6, what is -211 + -11104?
-11315
In base 14, what is -350a - -3?
-3507
In base 13, what is -1c + bb5c?
bb40
In base 5, what is 11 + -4042134?
-4042123
In base 9, what is -576 + -10318?
-11005
In base 14, what is 506 - 40?
4a6
In base 10, what is -6153559 + -1?
-6153560
In base 4, what is 1001033 - -32?
1001131
In base 13, what is -871b5 + b?
-871a7
In base 4, what is -330 - -100212?
33222
In base 5, what is -23003013 - -4?
-23003004
In base 16, what is -30 - -7680?
7650
In base 16, what is 1162 + -1b?
1147
In